{"id":15,"date":"2014-06-13T18:43:00","date_gmt":"2014-06-13T16:43:00","guid":{"rendered":"http:\/\/www.i-f-b.org\/?page_id=15"},"modified":"2021-04-01T19:06:13","modified_gmt":"2021-04-01T17:06:13","slug":"home","status":"publish","type":"page","link":"https:\/\/www.i-f-b.org\/?page_id=15","title":{"rendered":"Leitbild"},"content":{"rendered":"<p><em>So \u201eeinfach\u201c wie m\u00f6glich und so \u201espeziell\u201c wie f\u00fcr den einzelnen Menschen und sein Arbeitsumfeld erforderlich &#8211;\u00a0<\/em><\/p>\n<p style=\"padding-left: 450px;\">&#8230; ist der Leitgedanke unserer Arbeit.<\/p>\n<blockquote><p><strong>Orientiert am einzelnen Menschen<\/strong><\/p><\/blockquote>\n<p>Wir initiieren und gestalten Vermittlungs-, Lern- und Entwicklungsprozesse f\u00fcr Menschen mit individuellen Unterst\u00fctzungsbedarfen, von deren Kollegen, F\u00fchrungskr\u00e4ften und anderer betrieblich Beteiligten. Dabei arbeiten wir eng abgestimmt und zielf\u00fchrend mit Leistungs- und Kostentr\u00e4gern, betrieblichen Beteiligten, und gegebenenfalls weiteren Kooperationspartnern zusammen und sorgen f\u00fcr ein zielf\u00fchrendes Schnittstellenmanagement.<\/p>\n<p>Jede Person, f\u00fcr die wir t\u00e4tig sind, steht mit ihren W\u00fcnschen, Kompetenzen und M\u00f6glichkeiten im Mittelpunkt unserer Arbeit. Das Entdecken, F\u00f6rdern, Weiterentwickeln und Praktizieren der beruflichen St\u00e4rken und Kompetenzen pr\u00e4gt unser allt\u00e4gliches Handeln mit dem Ziel der Zufriedenheit der beteiligten Parteien. Vorhandene Ressourcen und Potenziale nutzen wir und bauen diese auf und aus.<\/p>\n<p>Unser Ziel ist es, f\u00fcr Klienten berufliche Rahmenbedingungen auf dem allgemeinen Arbeitsmarkt zu realisieren, die zu individueller Leistung bef\u00e4higen und berufliche Teilhabe \u2013 wo notwendig und zielf\u00fchrend auch an Ma\u00dfarbeitspl\u00e4tzen \u2013 zu erm\u00f6glichen.<\/p>\n<p>Unsere Angebote richten sich vor allem an Menschen, die Unterst\u00fctzung in der Gestaltung der beruflichen Teilhabe am Arbeitsleben sowie bei der Eingliederung in den ersten Arbeitsmarkt ben\u00f6tigen.<\/p>\n<p>Wir legen Wert auf unsere durchgehende Erreichbarkeit und eine l\u00f6sungsfokussierte Vorgehensweise in unserer Prozessgestaltung. Unser hohes Engagement f\u00fcr den Einzelnen, die vertrauensvolle Zusammenarbeit auf Augenh\u00f6he sowie Empathie und Wertsch\u00e4tzung bilden das Fundament unserer Arbeit.<\/p>\n<p>Wir verpflichten uns zur stetigen Verbesserung unserer Arbeitsprozesse und zur verl\u00e4sslichen Umsetzung der mit unseren Partnern geschlossenen Vereinbarungen.<\/p>\n<p>&nbsp;<\/p>\n<blockquote><p><strong>Planvolles und kreatives Vorgehen<\/strong><\/p><\/blockquote>\n<p>Den Kern unserer t\u00e4glichen Arbeit bildet die Initiierung und Gestaltung passgenauer Arbeitssituationen und bestm\u00f6glicher beruflicher Rahmenbedingungen f\u00fcr unsere Klienten und deren Bef\u00e4higung zu ihrer individuellen beruflichen Leistung. Entscheidend f\u00fcr unser Handeln ist, wie es zuk\u00fcnftig sein soll.<\/p>\n<p>&nbsp;<\/p>\n<blockquote><p><strong>Zielf\u00fchrende Organisation<\/strong><\/p><\/blockquote>\n<p>Unsere systemische Kompetenz setzen wir in unserer Arbeit dazu ein, die Perspektiven der verschiedensten Beteiligten einzunehmen und jeden in den Gestaltungsprozess der beruflichen Teilhabel\u00f6sung zielf\u00fchrend und gewinnbringend einzubeziehen. Durch Verl\u00e4sslichkeit und Transparenz in Entscheidungen bef\u00e4higen wir alle Beteiligten zur aktiven Mitarbeit.<\/p>\n<p>&nbsp;<\/p>\n<blockquote><p><strong>Mitarbeiter mit Leidenschaft<\/strong><\/p><\/blockquote>\n<p>Wir verstehen uns als Handwerker der beruflichen Integration und als Experten f\u00fcr Lern- und Entwicklungsprozesse im betrieblichen Kontext. Leidenschaft und Freude an der Entwicklung von individuellen, beruflichen L\u00f6sungen zeichnet unser multiprofessionelles Team aus. Wir bilden eine Vielfalt an Berufserfahrung ab. Diese wird durch lebenslanges Lernen und unsere stetige (Weiter-) Qualifizierung abgerundet. Unsere Beteiligung an der praktischen Phase der Hochschulausbildung, insbesondere von Ergotherapeuten, ist f\u00fcr uns Inspiration, Erweiterung unseres beruflichen Handelns und Nachwuchsf\u00f6rderung.<\/p>\n<p>&nbsp;<\/p>\n<p>Zur Vereinfachung der Lesbarkeit bedienen wir uns des generen Maskulinums.<\/p>\n","protected":false},"excerpt":{"rendered":"<p>So \u201eeinfach\u201c wie m\u00f6glich und so \u201espeziell\u201c wie f\u00fcr den einzelnen Menschen und sein Arbeitsumfeld erforderlich &#8211;\u00a0 &#8230; ist der Leitgedanke unserer Arbeit. Orientiert am einzelnen Menschen Wir initiieren und gestalten Vermittlungs-, Lern- und Entwicklungsprozesse f\u00fcr Menschen mit individuellen Unterst\u00fctzungsbedarfen, &hellip; <a href=\"https:\/\/www.i-f-b.org\/?page_id=15\">Continue reading <span class=\"meta-nav\">&rarr;<\/span><\/a><\/p>\n","protected":false},"author":1,"featured_media":0,"parent":0,"menu_order":2,"comment_status":"closed","ping_status":"closed","template":"","meta":{"footnotes":""},"class_list":["post-15","page","type-page","status-publish","hentry"],"_links":{"self":[{"href":"https:\/\/www.i-f-b.org\/index.php?rest_route=\/wp\/v2\/pages\/15","targetHints":{"allow":["GET"]}}],"collection":[{"href":"https:\/\/www.i-f-b.org\/index.php?rest_route=\/wp\/v2\/pages"}],"about":[{"href":"https:\/\/www.i-f-b.org\/index.php?rest_route=\/wp\/v2\/types\/page"}],"author":[{"embeddable":true,"href":"https:\/\/www.i-f-b.org\/index.php?rest_route=\/wp\/v2\/users\/1"}],"replies":[{"embeddable":true,"href":"https:\/\/www.i-f-b.org\/index.php?rest_route=%2Fwp%2Fv2%2Fcomments&post=15"}],"version-history":[{"count":31,"href":"https:\/\/www.i-f-b.org\/index.php?rest_route=\/wp\/v2\/pages\/15\/revisions"}],"predecessor-version":[{"id":677,"href":"https:\/\/www.i-f-b.org\/index.php?rest_route=\/wp\/v2\/pages\/15\/revisions\/677"}],"wp:attachment":[{"href":"https:\/\/www.i-f-b.org\/index.php?rest_route=%2Fwp%2Fv2%2Fmedia&parent=15"}],"curies":[{"name":"wp","href":"https:\/\/api.w.org\/{rel}","templated":true}]}}